*h + 2*v = 70. Calculate the remainder when h is divided by r.
5
Let s = -30 + 32. Suppose -s*v - 21 + 81 = 0. Let o = -11 - -19. Calculate the remainder when v is divided by o.
6
Suppose 5*o - 2*o = 135. Suppose 212*l = -62*l + 80257 - 6825. What is the remainder when l is divided by o?
43
Let p be (156/91)/(2/(-14)) - -1. Let v(d) = -3*d - 15. What is the remainder when v(p) is divided by 11?
7
Let g = 38 - -2. Suppose -4*h - g = 3*u - u, -4*u + 3*h = 91. Let t = u - -52. What is the remainder when t is divided by 11?
8
Let c = -948 - -1199. What is the remainder when c is divided by 17?
13
Suppose 9*k - 223 = 11. Calculate the remainder when 123 is divided by k.
19
Let a = 559 + -379. Calculate the remainder when a is divided by 61.
58
Suppose -104 = 8*s + 5*s. Let x(a) = 2*a + 38. Calculate the remainder when x(s) is divided by 7.
1
Suppose 284 - 427 = -11*o. What is the remainder when 480 is divided by o?
12
Suppose 4*j = -2*r + 4*r - 16, -4*j = 16. Suppose 0 = -5*z + 2*m + 43, 4*m + 9 = -z - r. What is the remainder when 200/(-80)*19/5*-2 is divided by z?
5
Let m be 1*(1 - 3) - -3. Let z(q) = -1 + 92*q**3 + 2*q + 3 - 3 + 0. Calculate the remainder when z(m) is divided by 24.
21
Let a(n) = n**3 - 81*n**2 - 77*n - 245. Calculate the remainder when 318 is divided by a(82).
153
Let x = 55 - 52. Suppose 4*a = -5*m + 71, -x*m - 4*a + 14 = -35. Let h(t) = -20*t + 2. What is the remainder when h(-2) is divided by m?
9
Let g be 4/(-22) + 12/66. Let m be (1 - 2)*g/4. Suppose 0 = -m*o - 2*o + 46. What is the remainder when o is divided by 5?
3
Suppose 0 = -r - 6*r. Suppose -24*s + 22*s + 70 = r. Calculate the remainder when s is divided by 9.
8
Let u = -133 + 136. Let h(x) = -x**2 + 1. What is the remainder when u is divided by h(0)?
0
Let z = -140 - -141. Suppose 3*k - 3 = -5*m - 41, m - k + 6 = 0. Let h = m - -8. What is the remainder when z is divided by h?
0
Let f(p) = 3*p + 47. Let c be f(-14). Let k = 6 - 2. Suppose 3*s - 32 = -0*t - k*t, -s = -c*t + 21. What is the remainder when 14 is divided by t?
4
Let q(d) = -2*d**2 - 95*d + 46. Calculate the remainder when q(-47) is divided by 74.
19
Let s(z) = -z**3 + 6*z**2 + 3*z - 7. Let l = -46 + 52. What is the remainder when 14 is divided by s(l)?
3
Let d(j) = 3*j**2 + 10 + j**2 + j**2 + j - 3*j**2. What is the remainder when 36 is divided by d(0)?
6
Suppose 12*r - 13*r - 5*v = -29, -5*v - 115 = -5*r. What is the remainder when 141 is divided by r?
21
Let q = 471 - 697. Let l = 368 + q. Let b = 20 + 16. What is the remainder when l is divided by b?
34
Suppose 5*h - 5*u = 3*h - 289, 0 = -5*h - 3*u - 645. Let a = h + 234. What is the remainder when a is divided by 26?
24
Let b(i) = -i + 24. Let t be b(-20). Let z = -3 + t. Calculate the remainder when z is divided by 14.
13
Let n = -99 - -12. Let z = -68 - n. Calculate the remainder when (1 - 0)*(-1 - -36) is divided by z.
16
What is the remainder when 207 is divided by (3/6)/(4/280)?
32
Suppose 0 = 32*t - 925 - 387. Calculate the remainder when t is divided by 39.
2
Let u = -123 + 60. Let g be 2/(7/(u/(-6))). Suppose -g*i + 6*i - 111 = 0. Calculate the remainder when i is divided by 13.
11
Let c = 107 + -77. Suppose c*d = 32*d - 172. Calculate the remainder when d is divided by 22.
20
Let v = -143 + 149. Calculate the remainder when 15 is divided by v.
3
Let r = -59 - -54. Calculate the remainder when 100 is divided by (r - 12)/(1/(-2)).
32
Suppose u - 50 = -3*u - 5*k, u = -4*k + 18. Suppose -4*m + 3*c = -0*m - 41, 4*c = 5*m - 52. Calculate the remainder when u is divided by m.
2
Let k(s) = -8*s - 7. Let o(d) = -2*d**3 - d**2 - d + 2. Let p be o(1). What is the remainder when 61 is divided by k(p)?
7
Calculate the remainder when 3/(3 + 474/(-159)) is divided by 32.
31
Let a(h) = h**3 - 8*h**2 + 11*h + 25. Let j be 7/(2/4 + -1). Let x = 0 - j. Calculate the remainder when x is divided by a(5).
4
Let k = -1 + 2. Let w(f) = 19*f**2 - 5*f + 1. Let a(i) = -20*i**2 + 4*i - 1. Let n(t) = -4*a(t) - 3*w(t). Calculate the remainder when n(k) is divided by 13.
10
Suppose -2*v + 211 - 43 = 0. Suppose 5*p - 2*p - v = 3*u, p - 4*u = 22. Suppose 0 = -r + p + 13. What is the remainder when r is divided by 15?
13
Let a = 3 + 42. Let o = a - 9. What is the remainder when 143 is divided by o?
35
Let x = -154 - -458. Calculate the remainder when x is divided by (-3)/(-7) + 1062/21.
49
Let z be 33/4*(3 + 1). Suppose 0 = -i - 0*i + 17. Calculate the remainder when z + (-4)/(1 - 0) is divided by i.
12
Let p(g) = 3*g - 15. Suppose -11*a = -6*a + 125. Let b = a + 32. Calculate the remainder when 29 is divided by p(b).
5
Suppose 11*j = 31*j - 2900. What is the remainder when j is divided by 44?
13
Let z(o) = -o**3 - 7*o**2 - 7*o - 5. Let a be z(-9). Suppose a = 15*w - 20. Calculate the remainder when 78 is divided by w.
14
Let n(s) = -4*s**3 + 2*s**2 - 6*s - 10. Let b be n(-3). Suppose 4*u = b - 46. What is the remainder when u is divided by 6?
4
Suppose k = 2*q - 0*k + 789, 3*k - 3 = 0. Let y = -251 - q. Let s = y - 68. What is the remainder when s is divided by 19?
18
Suppose 13*z + 64 = 15*z + 2*n, 5*n = -2*z + 79. Calculate the remainder when (-315)/(-6) + (-6)/4 is divided by z.
24
Calculate the remainder when 3756/16 - 84/112 is divided by 5.
4
Suppose 2*t = 3*x - 323, -t - 93 = x - 199. Calculate the remainder when 2030 is divided by x.
104
Suppose 0 = -40*b + 14*b + 702. What is the remainder when b is divided by 15?
12
What is the remainder when ((-249)/83)/((-1)/169) is divided by 30?
27
What is the remainder when (-699)/(-5) + (-8)/10 is divided by 65?
9
What is the remainder when 189 is divided by 151/4 + 45/180?
37
Suppose 10*t - 659 = -429. What is the remainder when 1356 is divided by t?
22
Suppose -34 - 27 = 4*y + h, 2*y + 38 = -2*h. Let l = 26 + y. Let f = 62 - 55. Calculate the remainder when l is divided by f.
5
Let k(v) = -2*v**2 + 79*v. Calculate the remainder when 349 is divided by k(39).
37
Suppose -2*r = -3*r + 4*x + 8, 40 = 5*r - 4*x. Suppose r*z - 148 = 68. Calculate the remainder when z is divided by 16.
11
Suppose 3*h = -2*r + 6*r + 24, -h - 3*r + 8 = 0. Let c(u) = u**2 - 6*u - 15. Calculate the remainder when c(h) is divided by 1.
0
Suppose -y = 4*q - 78, 5*q + 47 = 8*q - 5*y. Calculate the remainder when 36 is divided by q.
17
Let n = -355 - -360. Calculate the remainder when 3 + 37 - (3 + 0) is divided by n.
2
Suppose 0 = -19*x + 22*x - 1887. Calculate the remainder when x is divided by 79.
76
Suppose 320 = -3*z + 5*z - 4*u, -634 = -4*z + 5*u. What is the remainder when z is divided by 61?
34
Let d = 1417 + -1356. Calculate the remainder when 666 is divided by d.
56
Let v = 702 - 690. Calculate the remainder when 274 is divided by v.
10
Suppose -4*a - 20 + 128 = 0. Calculate the remainder when 21 is divided by (a/12)/(3/12).
3
Suppose 0 = 18*w - 17*w - 83. Let b = w + -34. What is the remainder when b is divided by 2/(-7) - (-360)/35?
9
Suppose 0 = -368*l + 119*l + 1827 + 165. Let w(u) = 4*u**2 - 2. Calculate the remainder when w(-2) is divided by l.
6
Suppose -34*k = -153 + 17. Calculate the remainder when k is divided by 3.
1
Suppose -89 + 644 = 5*k. What is the remainder when k is divided by 27?
3
Let b = 7 - 3. Suppose -b*a = -a - 24. Let m = 1 + a. Calculate the remainder when 34 is divided by m.
7
Let j(k) = k**2 + 18*k - 114. Calculate the remainder when 81 is divided by j(6).
21
Let d(x) = -x**2 - 9*x - 8. Let c be d(14). Calculate the remainder when c/(-14) + (-24)/(-56) is divided by 7.
3
Let d(f) = -17*f - 118. What is the remainder when 171 is divided by d(-8)?
9
Let u = -123 - -227. Let q(d) = -d**2 - 10*d - 5. Let s be q(-14). Let p = s + u. What is the remainder when p is divided by 15?
13
Let r(v) = 25*v**2 - 2*v + 2. Suppose -5*z = -609 + 114. Calculate the remainder when z is divided by r(1).
24
Let d(v) = 157*v**2 + 23*v + 44. What is the remainder when d(-2) is divided by 159?
149
Suppose 111 = -18*c + 651. What is the remainder when 808 is divided by c?
28
Let w(z) = -14 - 10 + 0*z - 6*z - 43. Calculate the remainder when w(-20) is divided by 28.
25
Suppose 0 = -t + 2*a + 6, 5*a + 1 = 4*t - 8. What is the remainder when t + 2 + ((-140)/2)/(-1) is divided by 14?
12
Let l(c) = c**3 - 8*c**2 - 9*c + 8. Let j be l(9). Sup